te g(7).
12
Let r(j) = 128*j + 767. What is r(-6)?
-1
Let l(i) = -637*i + 37559. What is l(59)?
-24
Let d(b) = -21*b**2 + 558*b - 3694. What is d(13)?
11
Let w(b) = 10*b**2 - 13*b - 11. Give w(8).
525
Let i(g) = 298*g - 4114. Give i(15).
356
Let m(z) = 19*z**2 - 176*z + 302. Give m(7).
1
Let f(y) = 9*y**2 + 1346*y + 3374. What is f(-147)?
-7
Let a(q) = -421*q - 7851. What is a(-18)?
-273
Let m(w) = -5359*w + 48256. Calculate m(9).
25
Let x(p) = 47*p**2 - 15888*p + 674. Determine x(338).
-2
Let w(f) = 7*f**2 + 857*f + 351. What is w(-122)?
-15
Let k(f) = 191*f - 4216. What is k(22)?
-14
Let z(h) = h**2 - 18*h - 48. Calculate z(21).
15
Let v(b) = 10*b**2 - 22*b - 504. Calculate v(-6).
-12
Let u(g) = 3*g**2 - 9*g - 91. What is u(-6)?
71
Let q(k) = 15909*k + 15915. What is q(-1)?
6
Let f(t) = t**3 - 38*t**2 + 42*t + 12. What is f(37)?
197
Let y(j) = -5433*j - 48892. Calculate y(-9).
5
Let s(l) = 3*l**2 + 6*l - 25. Determine s(5).
80
Let w(o) = -2*o**3 - 8*o**2 - 13*o - 22. Determine w(-5).
93
Let r(n) = -30*n**2 - 350*n + 56. Give r(-12).
-64
Let k(b) = 30*b + 238. Give k(-7).
28
Let n(p) = -11*p + 843. Determine n(54).
249
Let m(u) = -27*u + 48. Calculate m(19).
-465
Let w(d) = 2*d**3 + 884*d**2 - 177*d - 78236. Give w(-442).
-2
Let v(p) = 113*p**2 - 65*p + 3. Determine v(2).
325
Let v(b) = -198*b + 2162. What is v(11)?
-16
Let y(z) = -184*z**2 - 77*z - 68. Determine y(-1).
-175
Let f(y) = -58*y + 3016. What is f(52)?
0
Let g(m) = m**2 - 102*m - 321. Calculate g(105).
-6
Let v(y) = 12*y**3 + 2*y**2 + 20*y + 74. What is v(-3)?
-292
Let f(m) = 545*m - 33787. Determine f(62).
3
Let r(y) = 4*y**3 - 42*y**2 + 82*y + 5. Determine r(8).
21
Let c(m) = -m**2 - 1531*m + 24787. Determine c(16).
35
Let w(p) = -444*p + 1812. Determine w(4).
36
Let l(x) = -4*x + 43. Give l(6).
19
Let x(c) = 315*c - 3290. Give x(11).
175
Let l(g) = -3*g**3 - 55*g**2 - 45*g + 357. Calculate l(-17).
-34
Let y(w) = -3735*w - 209164. What is y(-56)?
-4
Let s(l) = 2*l**3 + 1010*l**2 - 985*l + 13649. What is s(-506)?
-13
Let k(m) = 10*m**2 - 171*m + 476. What is k(13)?
-57
Let t(p) = p**2 - 51*p + 491. Determine t(12).
23
Let d(s) = -2*s**3 - 3*s**2 + 10*s + 11. Determine d(2).
3
Let u(k) = k**2 + 13513*k - 81121. What is u(6)?
-7
Let g(j) = -4*j**2 + 40*j + 102. What is g(12)?
6
Let u(m) = -m**2 + 40*m - 9. Determine u(43).
-138
Let z(c) = c**2 - 114*c - 4678. Give z(146).
-6
Let h(a) = a**2 - 1277*a - 33869. Determine h(-26).
9
Let x(v) = 3160*v + 28445. Calculate x(-9).
5
Let y(z) = z**3 + 13*z**2 + 24*z + 152. Determine y(-12).
8
Let j(s) = 277*s - 103603. What is j(374)?
-5
Let x(j) = 37*j**2 + 8*j - 31. Give x(-5).
854
Let s(b) = 132*b - 1197. Give s(9).
-9
Let b(l) = -55*l**2 + 3*l + 11. Give b(-3).
-493
Let i(z) = -289*z - 2295. What is i(-8)?
17
Let s(p) = -8*p**2 + 19*p + 47. Determine s(-2).
-23
Let g(j) = j**3 - 114*j**2 + 2022*j + 191. Give g(92).
7
Let n(h) = -h**3 + 5*h**2 + 149*h - 632. Give n(4).
-20
Let k(y) = 2*y**3 - 233*y**2 - 593*y - 208. Calculate k(119).
30
Let i(v) = -v**3 - 16*v**2 - 109*v - 598. Give i(-11).
-4
Let r(a) = -126*a - 1525. Give r(-12).
-13
Let i(k) = 274*k + 1392. Calculate i(-5).
22
Let r(n) = 138*n + 144. Calculate r(-2).
-132
Let n(y) = y**3 - 31*y**2 - 38*y + 195. Calculate n(32).
3
Let t(o) = -o**3 - 110*o**2 + 117*o + 669. What is t(-111)?
3
Let r(m) = 2*m**3 - 12*m**2 + 3*m + 11. Determine r(5).
-24
Let a(y) = -114*y + 5238. Calculate a(46).
-6
Let r(v) = 3*v**2 - 11*v - 7. Calculate r(4).
-3
Let j(d) = -d**2 - 53*d - 105. Determine j(-2).
-3
Let l(v) = 2*v**2 - 189*v + 2904. Determine l(75).
-21
Let c(k) = 104*k**2 + 300*k - 10. What is c(-3)?
26
Let l(q) = -2*q**3 - 403*q**2 - 217*q - 3214. Calculate l(-201).
2
Let z(v) = -v**3 - 52*v**2 - 9*v - 460. What is z(-52)?
8
Let y(l) = -l**3 + 20*l**2 + 24*l - 58. Calculate y(21).
5
Let m(h) = h**3 - 24*h**2 + 49*h - 150. Determine m(22).
-40
Let m(h) = 1234*h + 14815. What is m(-12)?
7
Let o(x) = -x**2 - 95*x + 144. Calculate o(-96).
48
Let r(z) = z**3 + 26*z**2 + 17*z - 121. What is r(-25)?
79
Let i(l) = -l**3 + 26*l**2 - 65*l - 99. Calculate i(23).
-7
Let k(t) = 32*t**2 + 1699*t + 149. What is k(-53)?
-10
Let c(a) = -59*a**2 - a - 31. What is c(0)?
-31
Let z(p) = -2*p**3 + 163*p**2 - 419*p + 1898. Give z(79).
2
Let u(q) = -q**3 - 7*q**2 + 42*q - 27. Determine u(-11).
-5
Let y(w) = -65*w**2 - 393*w - 25. Give y(-6).
-7
Let q(d) = d**2 - 10*d + 38. Determine q(-12).
302
Let f(c) = c**3 + 3*c**2 - 12*c - 19. Give f(-5).
-9
Let w(d) = 6*d**2 - 65*d - 62. What is w(12)?
22
Let u(c) = 177*c**2 - 1242*c - 10. Give u(7).
-31
Let j(l) = 2*l**3 - 24*l**2 - 7*l - 23. Determine j(12).
-107
Let g(v) = -v**2 + 44*v - 832. Give g(19).
-357
Let h(r) = 38*r**2 - 14*r + 52. Give h(4).
604
Let a(t) = -t**3 + 10*t**2 - 2*t + 138. Determine a(0).
138
Let v(h) = 199*h + 2727. Determine v(-17).
-656
Let h(z) = -3*z**3 + 42*z**2 - 149*z + 35. Give h(8).
-5
Let u(p) = -28*p**2 - 668*p + 88. Calculate u(-24).
-8
Let p(v) = 27*v - 188. Determine p(9).
55
Let d(p) = 14*p - 135. Give d(6).
-51
Let u(q) = -71*q**2 - 89*q + 90. Give u(1).
-70
Let i(p) = -p**2 + 82*p - 842. What is i(12)?
-2
Let n(t) = -t**3 + 48*t**2 - 348*t - 112. What is n(39)?
5
Let k(v) = 14*v - 143. Give k(-17).
-381
Let v(z) = -11267*z - 101405. Give v(-9).
-2
Let l(i) = 13*i - 442. Give l(33).
-13
Let a(y) = -y**2 + 61*y - 12. Calculate a(61).
-12
Let z(n) = n**2 + 1288*n - 11676. What is z(9)?
-3
Let v(c) = -464*c + 4169. Calculate v(9).
-7
Let k(b) = 10*b - 314. Determine k(7).
-244
Let i(g) = -144*g + 9642. What is i(67)?
-6
Let h(y) = -101*y + 223. Determine h(2).
21
Let n(z) = -3*z**3 + 17*z**2 - 41*z + 502. Determine n(7).
19
Let o(z) = z**3 - 4*z**2 - 480*z - 809. Determine o(-19).
8
Let p(i) = 326*i - 649. Calculate p(2).
3
Let b(u) = 2*u**2 + 6*u - 27. Give b(6).
81
Let q(o) = 5*o**3 - 3*o**2 + 3*o + 3. Determine q(3).
120
Let m(r) = -2*r**3 - 17*r**2 + 9*r - 5. Determine m(-8).
-141
Let b(u) = -13*u**2 + 115*u - 91. Calculate b(8).
-3
Let z(h) = 20*h**2 + 129*h - 90. Give z(-7).
-13
Let x(p) = p**3 + 6*p**2 - 66*p - 366. Give x(8).
2
Let p(l) = 15*l**2 - 148*l - 8. Calculate p(10).
12
Let j(x) = -86*x - 427. Calculate j(-5).
3
Let b(n) = -2*n**2 + 44*n + 260. What is b(24)?
164
Let l(w) = 74*w - 259. Determine l(6).
185
Let o(l) = l**3 - 156*l**2 + 92*l - 14342. Calculate o(156).
10
Let b(y) = -2*y**3 - 230*y**2 - 1310*y - 201. Determine b(-109).
17
Let j(n) = 2*n**2 + 4*n - 97. Determine j(-9).
29
Let k(x) = 13*x**2 - 308*x - 3986. Calculate k(33).
7
Let n(v) = -350*v + 4197. Give n(12).
-3
Let v(s) = 161*s + 1156. Calculate v(-7).
29
Let t(a) = a**2 + 94*a + 611. What is t(-87)?
2
Let j(d) = -3*d**2 - 173*d + 3889. What is j(-75)?
-11
Let b(o) = -2*o**3 - 59*o**2 + 33*o - 9. Determine b(-30).
-99
Let m(q) = -3*q**3 + 12*q**2 + 8*q - 3. Calculate m(4).
29
Let k(g) = 2*g**2 - 88*g - 788. Give k(-8).
44
Let k(l) = -10*l**2 - 11*l - 29. Calculate k(-4).
-145
Let y(w) = 5*w**2 - 68*w - 296. Calculate y(-4).
56
Let y(g) = 34*g**2 - 9*g - 3. Determine y(2).
115
Let n(i) = 44*i**2 - 20*i - 5. Give n(0).
-5
Let q(m) = -m**2 - 30*m + 250. Calculate q(-37).
-9
Let m(i) = -i**3 - 64*i**2 + 55*i - 199. Give m(-65).
451
Let t(u) = 2*u**3 - 4*u**2 + 9*u - 17. Calculate t(3).
28
Let s(f) = 44*f**2 + 7*f - 11. Give s(2).
179
Let z(u) = u**2 + 45*u + 119. What is z(-50)?
369
Let h(a) = -197*a + 31106. Calculate h(158).
-20
Let n(x) = 15*x + 170. Give n(-16).
-70
Let d(u) = 13*u**2 - u - 25. What is d(-4)?
187
Let x(g) = 99*g + 1079. Calculate x(-11).
-10
Let u(a) = -a**3 - 23*a**2 + 56*a - 28. Calculate u(-25).
-178
Let f(c) = c**2 - 54*c + 83. Calculate f(24).
-637
Let a(r) = -1634*r + 35948. Determine a(22).
0
Let d(u) = 2*u**2 - 742*u + 12038. Determine d(17).
2
Let f(s) = s**2 + 54*s + 412. Determine f(-12).
-92
Let y(r) = -2*r**3 + 36*r**2 + 8*r - 74. Give y(18).
70
Let n(g) = g**3 - 13*g**2 - 23*g + 159. Determine n(13).
-140
Let r(w) = -3*w**3 + 13*w**2 + 45*w + 6. What is r(-2)?
-8
Let b(x) = x**2 + 15*x + 384. What is b(0)?
384
Let m(a) = 13*a**2 + 185*a + 433. Give m(-11).
-29
Let p(o) = -o**2 + 48*o - 77. What is p(39)?
274
Let q(j) = j**2 + 4*j - 296. What is q(15)?
-11
Let c(h) = 66*h**3 + 926*h**2 + 26*h - 19. Determine c(-14).
9
Le